{"id":1195,"date":"2018-03-20T17:36:23","date_gmt":"2018-03-20T20:36:23","guid":{"rendered":"http:\/\/ecen.com.br\/?page_id=1195"},"modified":"2021-02-05T00:56:02","modified_gmt":"2021-02-05T03:56:02","slug":"crise-na-geracao-nuclear","status":"publish","type":"page","link":"http:\/\/eee.org.br\/?page_id=1195","title":{"rendered":"Crise na Gera\u00e7\u00e3o Nuclear"},"content":{"rendered":"\t\t<div data-elementor-type=\"wp-post\" data-elementor-id=\"1195\" class=\"elementor elementor-1195\">\n\t\t\t\t\t\t<div class=\"elementor-inner\">\n\t\t\t\t<div class=\"elementor-section-wrap\">\n\t\t\t\t\t\t\t\t\t<section class=\"elementor-section elementor-top-section elementor-element elementor-element-4e0a7df elementor-section-boxed elementor-section-height-default elementor-section-height-default\" data-id=\"4e0a7df\" data-element_type=\"section\">\n\t\t\t\t\t\t<div class=\"elementor-container elementor-column-gap-default\">\n\t\t\t\t\t\t\t<div class=\"elementor-row\">\n\t\t\t\t\t<div class=\"elementor-column elementor-col-100 elementor-top-column elementor-element elementor-element-948fe8c\" data-id=\"948fe8c\" data-element_type=\"column\">\n\t\t\t<div class=\"elementor-column-wrap elementor-element-populated\">\n\t\t\t\t\t\t\t<div class=\"elementor-widget-wrap\">\n\t\t\t\t\t\t<div class=\"elementor-element elementor-element-421434f elementor-widget elementor-widget-text-editor\" data-id=\"421434f\" data-element_type=\"widget\" data-widget_type=\"text-editor.default\">\n\t\t\t\t<div class=\"elementor-widget-container\">\n\t\t\t\t\t\t\t\t<div class=\"elementor-text-editor elementor-clearfix\">\n\t\t\t\t<p><strong style=\"font-size: 1rem;\"><span style=\"color: #808080;\"><strong><em><span style=\"color: #000000;\"><img loading=\"lazy\" class=\"size-full wp-image-4 alignnone\" src=\"http:\/\/eee.org.br\/wp-content\/uploads\/2017\/02\/eee.jpg\" alt=\"\" width=\"116\" height=\"27\" data-wp-pid=\"4\" \/><\/span><br \/><\/em><span style=\"color: #000000;\">Economia e Energia &#8211; E&amp;E\u00a0 \u00a0 N\u00ba 98,\u00a0 janeiro a mar\u00e7o 2018<\/span><\/strong><\/span><span style=\"color: #000000;\"><strong><br \/><\/strong><\/span><\/strong><span style=\"color: #000000;\">ISSN 1518-2932<\/span><\/p><h1 style=\"text-align: left;\"><strong>CRISE ECON\u00d4MICO-FINANCEIRA NA GERA\u00c7\u00c3O NUCLEAR<\/strong><\/h1><p style=\"text-align: right;\"><em>Jos\u00e9 Israel Vargas,<br \/>Carlos Feu Alvim e<br \/>Olga Mafra<\/em><\/p><h6><em>\u00a0<\/em><a name=\"_Toc508717992\"><\/a><a name=\"_Toc508099357\"><\/a><span style=\"color: #0000ff;\"><strong>Resumo:<\/strong><\/span><\/h6><p>A situa\u00e7\u00e3o financeira da Eletronuclear j\u00e1 vinha apresentando problemas, desde 2015, com a crescente transfer\u00eancia de responsabilidade pelo investimento na constru\u00e7\u00e3o de Angra 3. Este conjunto inicial de eventos provocaria virtual insustentabilidade da empresa no ano de 2015. No presente o Brasil encontra-se novamente em uma encruzilhada em rela\u00e7\u00e3o \u00e0 Angra 3. <a name=\"_Toc508099358\"><\/a>A interrup\u00e7\u00e3o das obras em 2015 gerou o vencimento de compromissos com os bancos financiadores em valores de 55 milh\u00f5es de R$ que absorveriam cerca de 20% de sua receita, advinda da gera\u00e7\u00e3o de Angra 1 e 2. A desestrutura\u00e7\u00e3o do Setor Nuclear Brasileiro, considerado estrat\u00e9gico para a Seguran\u00e7a Nacional, ter\u00e1 graves implica\u00e7\u00f5es na estabilidade de atividades ligadas \u00e0 defesa nacional. Tamb\u00e9m ter\u00e1 fortes impactos na independ\u00eancia e sustentabilidade de todo o complexo nuclear, do qual depende n\u00e3o s\u00f3 o abastecimento de energia da Regi\u00e3o Sudeste, mas tamb\u00e9m a estabilidade do Sistema El\u00e9trico Interligado.<\/p><h3><a name=\"_Toc508717993\"><\/a><span style=\"color: #0000ff;\">Palavras Chave:<\/span><\/h3><p>Eletronuclear, programa nuclear, gera\u00e7\u00e3o de eletricidade, Central de Angra, Angra 3, INB, crise financeira, seguran\u00e7a do sistema, Seguran\u00e7a Nacional.<\/p><h2><a name=\"_Toc508717994\"><\/a>Resumo da situa\u00e7\u00e3o da Gera\u00e7\u00e3o El\u00e9trica Nuclear no Brasil em dezembro de 2017<\/h2><p>Em 13 de Novembro do ano passado as dire\u00e7\u00f5es da Eletronuclear e da INB reuniram-se com o Presidente da C\u00e2mara, deputado Rodrigo Maia, para chamar a aten\u00e7\u00e3o sobre a grave situa\u00e7\u00e3o econ\u00f4mico-financeira da \u00e1rea da gera\u00e7\u00e3o de energia eletronuclear (1). O Diretor Presidente da Eletronuclear, Leonam Guimar\u00e3es confirma que esta situa\u00e7\u00e3o \u00e9 fundamentalmente devida aos disp\u00eandios induzidos pelo estado em que se encontra o projeto de constru\u00e7\u00e3o de Angra 3.<\/p><p>Os gastos com a interrup\u00e7\u00e3o de Angra 3 absorvem as tarifas geradas por Angra 1 e 2, j\u00e1 reduzidas em valor real de 14%, pela a\u00e7\u00e3o ANEEL. Embora os recursos gerados sejam suficientes para manter as duas usinas, em pleno funcionamento, a inadimpl\u00eancia das respons\u00e1veis contratuais pela constru\u00e7\u00e3o de Angra 3 quais sejam a Eletrobras e os financiamentos dos bancos BNDES e Caixa Econ\u00f4mica Federal, com a transfer\u00eancia dos encargos assumidos, tornou insustent\u00e1vel a situa\u00e7\u00e3o da empresa.<\/p><p>De fato o n\u00e3o cumprimento pela Eletrobr\u00e1s dos encargos, tanto o inicialmente acordado (de 20%), como o ampliado posteriormente (de 40%), bem como daqueles de responsabilidade dos referidos bancos, em decorr\u00eancia da mencionada interrup\u00e7\u00e3o do projeto Angra 3, agravou-se mais ainda pelo in\u00edcio de cobran\u00e7a pelos bancos de juros sobre os passados investimentos, atualmente em 30 milh\u00f5es de reais mensais (do BNDES) e que alcan\u00e7ariam mensalmente 55 milh\u00f5es de reais com a prevista incorpora\u00e7\u00e3o dos pagamentos devidos \u00e0 CEF.<\/p><p>A situa\u00e7\u00e3o financeira da Eletronuclear j\u00e1 vinha apresentando problemas, desde 2015, com a crescente transfer\u00eancia de responsabilidade pelo investimento na constru\u00e7\u00e3o de Angra 3. Este conjunto inicial de eventos provocara virtual insustentabilidade da empresa no ano de 2015. Com efeito, a declara\u00e7\u00e3o de <em>impairmen<\/em>t (redu\u00e7\u00e3o do valor de recupera\u00e7\u00e3o de um ativo) de 3,4 bilh\u00f5es de reais reduziu a zero, naquele ano, o patrim\u00f4nio l\u00edquido da Empresa. Al\u00e9m disso, a impossibilidade da controladora Eletrobr\u00e1s de aportar, como apontado acima, recursos pr\u00f3prios conforme previsto em contrato tanto inicial como o posterior j\u00e1 tornara o empreendimento problem\u00e1tico. A situa\u00e7\u00e3o do <em>impairment <\/em>\u00a0poderia ter sido, em princ\u00edpio, resolvida com a repactua\u00e7\u00e3o da tarifa de Angra 3, persistindo, no entanto, o problema do aporte de recursos pr\u00f3prios cujo equacionamento estava em estudo.<\/p><p>Isso se tornou politicamente invi\u00e1vel quando as opera\u00e7\u00f5es da Pol\u00edcia Federal e Justi\u00e7a Brasileira com as opera\u00e7\u00f5es \u201cLava Jato\u201d e \u201cPripyat\u201d atingiram membros da alta dire\u00e7\u00e3o da Empresa.<\/p><p>Foi nesse quadro que se decidiu suspender a constru\u00e7\u00e3o de Angra 3, no entanto n\u00e3o motivada diretamente por essas opera\u00e7\u00f5es, mas, pela incapacidade pol\u00edtica de equacionar os problemas j\u00e1 existentes.<\/p><p>A paralisa\u00e7\u00e3o da constru\u00e7\u00e3o de Angra 3 (2) agravou a situa\u00e7\u00e3o como esclarece o Presidente da Eletrobras, Wilson Ferreira Jr., fazendo cessar o fluxo financeiro dos empr\u00e9stimos assumidos e naturalmente, acrescentadas despesas com o adiantamento do vencimento de juros j\u00e1 referidos e exorbitantes na conjuntura, que seriam normalmente pagos ap\u00f3s a conclus\u00e3o do empreendimento, pela gera\u00e7\u00e3o de recursos resultantes do funcionamento de Angra 3.<\/p><p>Al\u00e9m disto, a Empresa deve arcar com a manuten\u00e7\u00e3o do canteiro de obras que \u00e9 uma obriga\u00e7\u00e3o que envolve a preserva\u00e7\u00e3o do investimento j\u00e1 realizado com a constru\u00e7\u00e3o de Angra 3 e os requerimentos de seguran\u00e7a das centrais em opera\u00e7\u00e3o. Com a paralisa\u00e7\u00e3o das obras, foram geradas obriga\u00e7\u00f5es vencidas com fornecedores, que atualmente alcan\u00e7am 50 milh\u00f5es de reais.<\/p><p>A crise atual envolve, em virtude dos encargos referidos, a pr\u00f3pria produ\u00e7\u00e3o de combust\u00edvel nuclear pela empresa Ind\u00fastrias Nucleares do Brasil \u2013 INB com a qual a Eletronuclear j\u00e1 reduziu seus compromissos de pagamento de combust\u00edveis, a partir de outubro deste ano, face \u00e0 previs\u00edvel\u00a0 indisponibilidade de recursos. A situa\u00e7\u00e3o da INB ficou cr\u00edtica, al\u00e9m disto, em virtude dos cortes lineares realizados no or\u00e7amento limitarem seus gastos anuais, afetando, inclusive, a utiliza\u00e7\u00e3o dos recursos pr\u00f3prios gerados pela venda de combust\u00edveis, mesmo os decorrentes de exporta\u00e7\u00e3o.<\/p><p>Concretamente, embora o combust\u00edvel para 2018 j\u00e1 esteja assegurado (3) (4), a ser mantida a atual situa\u00e7\u00e3o, a energia el\u00e9trica de origem nuclear poderia ter seu fornecimento suspenso a partir de 2019. Este atraso pode configurar-se irrevers\u00edvel pela anteced\u00eancia necess\u00e1ria para a fabrica\u00e7\u00e3o do combust\u00edvel.<\/p><p>A produ\u00e7\u00e3o de energia nuclear \u00e9 um assunto da mais alta sensibilidade internacional e n\u00e3o pode estar sujeita a restri\u00e7\u00f5es que limitem a seguran\u00e7a do sistema, inclusive no que concerne a seguran\u00e7a da popula\u00e7\u00e3o. Ressalte-se enfaticamente que problemas de fluxo de recursos nessa ind\u00fastria podem provocar trag\u00e9dias humanas e ambientais de consequ\u00eancias imprevis\u00edveis. O Brasil corre o risco de vir a violar (ou j\u00e1 estar fazendo) o Protocolo da Conven\u00e7\u00e3o de Seguran\u00e7a Nuclear da qual \u00e9 signat\u00e1rio e onde se compromete, entre outras obriga\u00e7\u00f5es a:<\/p><ul><li>Assegurar que os recursos financeiros adequados estejam dispon\u00edveis para apoiar a seguran\u00e7a de cada instala\u00e7\u00e3o nuclear ao longo de sua vida;<\/li><li>Assegurar que n\u00famero suficiente de pessoal qualificado esteja dispon\u00edvel, para todas as atividades relacionadas com seguran\u00e7a para cada instala\u00e7\u00e3o, ao longo de sua vida.<\/li><\/ul><p>A nomea\u00e7\u00e3o e o afastamento de sucessivos diretores-presidentes interinos claramente n\u00e3o ajudou o processo de recupera\u00e7\u00e3o da Empresa. A clara exposi\u00e7\u00e3o da grave situa\u00e7\u00e3o que vem fazendo, em diversos fora, o atual diretor-presidente Leonam Guimaraes e sua recente efetiva\u00e7\u00e3o no cargo (5) criaram as condi\u00e7\u00f5es para que o Governo Federal assuma sua responsabilidade para a urgente solu\u00e7\u00e3o do problema.<\/p><p>N\u00e3o faz\u00ea-lo implica desestruturar o estrat\u00e9gico Setor Nuclear brasileiro resultante de mais de 60 anos de esfor\u00e7os, com fortes impactos na Seguran\u00e7a Nacional, na independ\u00eancia e sustentabilidade de todo o complexo nuclear do qual depende n\u00e3o s\u00f3 abastecimento de energia da Regi\u00e3o Sudeste, mas a estabilidade do Sistema El\u00e9trico Interligado, com graves implica\u00e7\u00f5es na estabilidade de atividades ligadas \u00e0 defesa nacional, inclusive no que diz respeito os compromissos assumidos em Acordos Internacionais, e \u00e0 sa\u00fade da popula\u00e7\u00e3o brasileira.<\/p><p>Claramente \u00e9 necess\u00e1rio equacionar separadamente a situa\u00e7\u00e3o de Angra 3, j\u00e1 que praticamente a totalidade dos agentes envolvidos est\u00e1 diretamente vinculada ao Governo Federal. Isso permitiria dar continuidade a gera\u00e7\u00e3o segura de energia nuclear atrav\u00e9s das usinas Angra 1 e 2 com os recursos provenientes da tarifa assim auferidas.<\/p><p>O Setor Nuclear necessita de urgente reestrutura\u00e7\u00e3o que o fortale\u00e7a para garantir o cumprimento das atividades de sua responsabilidade, inclusive constitucionais. A gera\u00e7\u00e3o de energia nuclear el\u00e9trica \u00e9 seu principal eixo econ\u00f4mico e esta reestrutura\u00e7\u00e3o deve levar em conta este amplo papel.<\/p><p>Recorde-se ainda que o Setor Nuclear, em todos os pa\u00edses onde essa atividade \u00e9 relevante, vincula-se diretamente \u00e0 alta esfera do Governo Central que assume tamb\u00e9m toda responsabilidade por sua estrat\u00e9gia.<\/p><p>No Brasil, a responsabilidade pela prote\u00e7\u00e3o das atividades do Programa Nuclear, bem como, da Secretaria Executiva do Comit\u00ea Interministerial que cuida do assunto est\u00e1 concentrada no Gabinete de Seguran\u00e7a Institucional, na Presid\u00eancia da Rep\u00fablica.<\/p><p>Pode-se resumir assim as medidas urgentes necess\u00e1rias:<\/p><ul><li>Equacionar separadamente a situa\u00e7\u00e3o de Angra 3 da produ\u00e7\u00e3o de energia por Angra 1 e 2 possibilitando a utiliza\u00e7\u00e3o integral da tarifa \u00e0 destina\u00e7\u00e3o prevista,<\/li><li>Complementar o or\u00e7amento da INB de maneira a possibilitar, pelo menos, o uso dos recursos da venda de combust\u00edvel para assegurar a gera\u00e7\u00e3o nuclear em 2019,<\/li><li>Cuidar para que sejam mantidas as condi\u00e7\u00f5es t\u00e9cnicas, pessoais e financeiras para opera\u00e7\u00e3o com m\u00ednimo risco das centrais existentes e do canteiro de obras,<\/li><li>Adicionalmente \u00e9 necess\u00e1rio tomar medidas para equacionar problemas emergentes,<\/li><li>Encaminhar a decis\u00e3o sobre o prosseguimento da constru\u00e7\u00e3o de Angra 3 atrav\u00e9s de decis\u00e3o do Conselho Nacional de Pol\u00edtica Energ\u00e9tica CNPE,<\/li><li>Iniciar a reestrutura\u00e7\u00e3o do Setor Nuclear para impedir sua deteriora\u00e7\u00e3o administrativa e t\u00e9cnica e aproveitar suas potencialidades e oportunidades comerciais, facilitando a participa\u00e7\u00e3o do setor privado e a opera\u00e7\u00e3o dos organismos do Estado nas tarefas de sua responsabilidade,<\/li><li>Reunir os elementos para a formula\u00e7\u00e3o de uma pol\u00edtica nuclear de longo prazo, coerente com a import\u00e2ncia estrat\u00e9gica dos assuntos do Setor.<\/li><\/ul><h2><a name=\"_Toc508717995\"><\/a>Bibliografia<\/h2><ol><li><strong>Petronot\u00edcias.<\/strong> A grave crise da Eletronuclear e INB \u00e9 levada ao Presidente da C\u00e2mara que promete ajuda para uma solu\u00e7\u00e3o . <em>Petronot\u00edcias. <\/em>[Online] 13 de novembro de 2017. <a href=\"https:\/\/petronoticias.com.br\/archives\/105361\">https:\/\/petronoticias.com.br\/archives\/105361<\/a>.<\/li><li><strong>Pamplona, Nicola.<\/strong> Parada, Angra 3 d\u00e1 preju\u00edzo adicional de R$ 30 milh\u00f5es por m\u00eas \u00e0 Eletrobras. <em>UOl Folha de S\u00e3o Paulo. <\/em>[Online] 14 de novembro de 2017. <a href=\"http:\/\/www1.folha.uol.com.br\/mercado\/2017\/11\/1935328-parada-angra-3-da-prejuizo-adicional-de-r-30-milhoes-por-mes-a-eletrobras.shtml\">http:\/\/www1.folha.uol.com.br\/mercado\/2017\/11\/1935328-parada-angra-3-da-prejuizo-adicional-de-r-30-milhoes-por-mes-a-eletrobras.shtml<\/a>.<\/li><li><strong>Petronoticias.<\/strong> INB recebe aporte de R$ 190 milh\u00f5es que garante o abastecimento de combust\u00edvel para Angra e Angra 2. <em>Petronoticias. <\/em>[Online] 04 de janeiro de 2018. <a href=\"https:\/\/petronoticias.com.br\/archives\/107162\">https:\/\/petronoticias.com.br\/archives\/107162<\/a>.<\/li><li><strong>Luna, Denise.<\/strong> Governo faz aporte de R$ 190 mi para garantir abastecimento de usinas de Angra em 2018. <em>Estad\u00e3o. <\/em>[Online] 04 de janeiro de 2018. <a href=\"http:\/\/economia.estadao.com.br\/noticias\/geral,governo-faz-aporte-de-r-190-mi-para-garantir-abastecimento-de-usinas-de-angra-em-2018,70002138572\">http:\/\/economia.estadao.com.br\/noticias\/geral,governo-faz-aporte-de-r-190-mi-para-garantir-abastecimento-de-usinas-de-angra-em-2018,70002138572<\/a> .<\/li><li style=\"text-align: right;\"><strong>Petronot\u00edcias.<\/strong> Governo acaba a interinidade e confirma Leonam Guimar\u00e3es como presidente da Eletronuclear. <em>Petronoticias.<\/em>[Online] dezembro de 20 de 2017. <a href=\"https:\/\/petronoticias.com.br\/archives\/106678\">https:\/\/petronoticias.com.br\/archives\/106678<\/a>.<\/li><\/ol><p><span style=\"color: #0000ff;\"><strong>Neste N\u00famero:<\/strong><\/span><\/p><p>|\u00a0<a href=\"http:\/\/ecen.com.br\/?page_id=1190\">\u00c9 a Contabilidade, Est\u00fapido! <\/a>| <a href=\"http:\/\/ecen.com.br\/?page_id=1195\">Crise na Gera\u00e7\u00e3o Nuclear<\/a> |\u00a0<a href=\"http:\/\/ecen.com.br\/?page_id=1248\">A Continuidade de Angra 3<\/a> | <a href=\"http:\/\/ecen.com.br\/?page_id=1257\">Atualiza\u00e7\u00e3o do Padr\u00e3o T\u00e9cnico e de Seguran\u00e7a do Projeto de Angra 3\u00a0<\/a>\u00a0|\u00a0<a href=\"http:\/\/ecen.com.br\/?page_id=1259\">O Poder da Contabilidade<\/a>\u00a0| <a href=\"http:\/\/ecen.com.br\/?page_id=1211\">E&amp;E 98 Tudo<\/a>\u00a0|<\/p>\t\t\t\t\t<\/div>\n\t\t\t\t\t\t<\/div>\n\t\t\t\t<\/div>\n\t\t\t\t\t\t<\/div>\n\t\t\t\t\t<\/div>\n\t\t<\/div>\n\t\t\t\t\t\t\t\t<\/div>\n\t\t\t\t\t<\/div>\n\t\t<\/section>\n\t\t\t\t<section class=\"elementor-section elementor-top-section elementor-element elementor-element-25723810 elementor-section-boxed elementor-section-height-default elementor-section-height-default\" data-id=\"25723810\" data-element_type=\"section\">\n\t\t\t\t\t\t<div class=\"elementor-container elementor-column-gap-default\">\n\t\t\t\t\t\t\t<div class=\"elementor-row\">\n\t\t\t\t\t<div class=\"elementor-column elementor-col-100 elementor-top-column elementor-element elementor-element-256cf80\" data-id=\"256cf80\" data-element_type=\"column\">\n\t\t\t<div class=\"elementor-column-wrap elementor-element-populated\">\n\t\t\t\t\t\t\t<div class=\"elementor-widget-wrap\">\n\t\t\t\t\t\t<div class=\"elementor-element elementor-element-c8f73f7 elementor-arrows-position-inside elementor-pagination-position-outside elementor-widget elementor-widget-image-carousel\" data-id=\"c8f73f7\" data-element_type=\"widget\" data-settings=\"{&quot;slides_to_show&quot;:&quot;1&quot;,&quot;navigation&quot;:&quot;both&quot;,&quot;autoplay&quot;:&quot;yes&quot;,&quot;pause_on_hover&quot;:&quot;yes&quot;,&quot;pause_on_interaction&quot;:&quot;yes&quot;,&quot;autoplay_speed&quot;:5000,&quot;infinite&quot;:&quot;yes&quot;,&quot;effect&quot;:&quot;slide&quot;,&quot;speed&quot;:500}\" data-widget_type=\"image-carousel.default\">\n\t\t\t\t<div class=\"elementor-widget-container\">\n\t\t\t\t\t<div class=\"elementor-image-carousel-wrapper swiper-container\" dir=\"ltr\">\n\t\t\t<div class=\"elementor-image-carousel swiper-wrapper\">\n\t\t\t\t\t\t\t\t<div class=\"swiper-slide\"><figure class=\"swiper-slide-inner\"><img class=\"swiper-slide-image\" src=\"http:\/\/eee.org.br\/wp-content\/uploads\/2018\/03\/eee-98-723x1024.jpg\" alt=\"Revista E&amp;E 98 em Portugu\u00eas\" \/><\/figure><\/div><div class=\"swiper-slide\"><figure class=\"swiper-slide-inner\"><img class=\"swiper-slide-image\" src=\"http:\/\/eee.org.br\/wp-content\/uploads\/2018\/04\/eee98p-B2-em-A5-721x1024.jpg\" alt=\"FIEMG\" \/><\/figure><\/div><div class=\"swiper-slide\"><figure class=\"swiper-slide-inner\"><img class=\"swiper-slide-image\" src=\"http:\/\/eee.org.br\/wp-content\/uploads\/2018\/08\/Ultra-840x1024.png\" alt=\"Ultra\" \/><\/figure><\/div>\t\t\t<\/div>\n\t\t\t\t\t\t\t\t\t\t\t\t<div class=\"swiper-pagination\"><\/div>\n\t\t\t\t\t\t\t\t\t\t\t\t\t<div class=\"elementor-swiper-button elementor-swiper-button-prev\">\n\t\t\t\t\t\t<i aria-hidden=\"true\" class=\"eicon-chevron-left\"><\/i>\t\t\t\t\t\t<span class=\"elementor-screen-only\">Anterior<\/span>\n\t\t\t\t\t<\/div>\n\t\t\t\t\t<div class=\"elementor-swiper-button elementor-swiper-button-next\">\n\t\t\t\t\t\t<i aria-hidden=\"true\" class=\"eicon-chevron-right\"><\/i>\t\t\t\t\t\t<span class=\"elementor-screen-only\">Pr\u00f3ximo<\/span>\n\t\t\t\t\t<\/div>\n\t\t\t\t\t\t\t\t\t<\/div>\n\t\t\t\t<\/div>\n\t\t\t\t<\/div>\n\t\t\t\t\t\t<\/div>\n\t\t\t\t\t<\/div>\n\t\t<\/div>\n\t\t\t\t\t\t\t\t<\/div>\n\t\t\t\t\t<\/div>\n\t\t<\/section>\n\t\t\t\t<section class=\"elementor-section elementor-top-section elementor-element elementor-element-34427843 elementor-section-boxed elementor-section-height-default elementor-section-height-default\" data-id=\"34427843\" data-element_type=\"section\">\n\t\t\t\t\t\t<div class=\"elementor-container elementor-column-gap-default\">\n\t\t\t\t\t\t\t<div class=\"elementor-row\">\n\t\t\t\t\t<div class=\"elementor-column elementor-col-50 elementor-top-column elementor-element elementor-element-5fbf9c8f\" data-id=\"5fbf9c8f\" data-element_type=\"column\">\n\t\t\t<div class=\"elementor-column-wrap elementor-element-populated\">\n\t\t\t\t\t\t\t<div class=\"elementor-widget-wrap\">\n\t\t\t\t\t\t<div class=\"elementor-element elementor-element-3c2a0e01 elementor-align-center elementor-widget elementor-widget-button\" data-id=\"3c2a0e01\" data-element_type=\"widget\" data-widget_type=\"button.default\">\n\t\t\t\t<div class=\"elementor-widget-container\">\n\t\t\t\t\t<div class=\"elementor-button-wrapper\">\n\t\t\t<a href=\"http:\/\/ecen.com.br\/?page_id=1176\" class=\"elementor-button-link elementor-button elementor-size-sm\" role=\"button\">\n\t\t\t\t\t\t<span class=\"elementor-button-content-wrapper\">\n\t\t\t\t\t\t<span class=\"elementor-button-text\">E&E 98<\/span>\n\t\t<\/span>\n\t\t\t\t\t<\/a>\n\t\t<\/div>\n\t\t\t\t<\/div>\n\t\t\t\t<\/div>\n\t\t\t\t\t\t<\/div>\n\t\t\t\t\t<\/div>\n\t\t<\/div>\n\t\t\t\t<div class=\"elementor-column elementor-col-50 elementor-top-column elementor-element elementor-element-6d8e814a\" data-id=\"6d8e814a\" data-element_type=\"column\">\n\t\t\t<div class=\"elementor-column-wrap elementor-element-populated\">\n\t\t\t\t\t\t\t<div class=\"elementor-widget-wrap\">\n\t\t\t\t\t\t<div class=\"elementor-element elementor-element-634152a5 elementor-align-center elementor-widget elementor-widget-button\" data-id=\"634152a5\" data-element_type=\"widget\" data-widget_type=\"button.default\">\n\t\t\t\t<div class=\"elementor-widget-container\">\n\t\t\t\t\t<div class=\"elementor-button-wrapper\">\n\t\t\t<a href=\"http:\/\/ecen.com.br\/wp-content\/uploads\/2018\/04\/eee98p.pdf\" class=\"elementor-button-link elementor-button elementor-size-sm\" role=\"button\">\n\t\t\t\t\t\t<span class=\"elementor-button-content-wrapper\">\n\t\t\t\t\t\t<span class=\"elementor-button-text\">E&98 em PDF<\/span>\n\t\t<\/span>\n\t\t\t\t\t<\/a>\n\t\t<\/div>\n\t\t\t\t<\/div>\n\t\t\t\t<\/div>\n\t\t\t\t\t\t<\/div>\n\t\t\t\t\t<\/div>\n\t\t<\/div>\n\t\t\t\t\t\t\t\t<\/div>\n\t\t\t\t\t<\/div>\n\t\t<\/section>\n\t\t\t\t\t\t\t\t\t<\/div>\n\t\t\t<\/div>\n\t\t\t\t\t<\/div>\n\t\t","protected":false},"excerpt":{"rendered":"<p>Economia e Energia &#8211; E&amp;E&nbsp; &nbsp; N\u00ba 98,&nbsp; janeiro a mar\u00e7o 2018 ISSN 1518-2932 CRISE ECON\u00d4MICO-FINANCEIRA NA GERA\u00c7\u00c3O NUCLEAR Jos\u00e9 Israel Vargas, Carlos Feu Alvim e Olga Mafra &nbsp;Resumo: A situa\u00e7\u00e3o financeira da Eletronuclear j\u00e1 vinha apresentando problemas, desde 2015, com a crescente transfer\u00eancia de responsabilidade pelo investimento na constru\u00e7\u00e3o de Angra 3. Este conjunto &hellip; <\/p>\n<p class=\"link-more\"><a href=\"http:\/\/eee.org.br\/?page_id=1195\" class=\"more-link\">Continue lendo<span class=\"screen-reader-text\"> &#8220;Crise na Gera\u00e7\u00e3o Nuclear&#8221;<\/span><\/a><\/p>\n","protected":false},"author":1,"featured_media":0,"parent":1176,"menu_order":0,"comment_status":"closed","ping_status":"closed","template":"","meta":[],"_links":{"self":[{"href":"http:\/\/eee.org.br\/index.php?rest_route=\/wp\/v2\/pages\/1195"}],"collection":[{"href":"http:\/\/eee.org.br\/index.php?rest_route=\/wp\/v2\/pages"}],"about":[{"href":"http:\/\/eee.org.br\/index.php?rest_route=\/wp\/v2\/types\/page"}],"author":[{"embeddable":true,"href":"http:\/\/eee.org.br\/index.php?rest_route=\/wp\/v2\/users\/1"}],"replies":[{"embeddable":true,"href":"http:\/\/eee.org.br\/index.php?rest_route=%2Fwp%2Fv2%2Fcomments&post=1195"}],"version-history":[{"count":22,"href":"http:\/\/eee.org.br\/index.php?rest_route=\/wp\/v2\/pages\/1195\/revisions"}],"predecessor-version":[{"id":4451,"href":"http:\/\/eee.org.br\/index.php?rest_route=\/wp\/v2\/pages\/1195\/revisions\/4451"}],"up":[{"embeddable":true,"href":"http:\/\/eee.org.br\/index.php?rest_route=\/wp\/v2\/pages\/1176"}],"wp:attachment":[{"href":"http:\/\/eee.org.br\/index.php?rest_route=%2Fwp%2Fv2%2Fmedia&parent=1195"}],"curies":[{"name":"wp","href":"https:\/\/api.w.org\/{rel}","templated":true}]}}